f 87?
True
Does 9 divide 1613?
False
Does 14 divide 673?
False
Is 292 a multiple of 16?
False
Is 46956 a multiple of 52?
True
Is 1556 a multiple of 15?
False
Is 321 a factor of 79364?
False
Does 215 divide 16555?
True
Does 15 divide 4845?
True
Is 10 a factor of 379?
False
Is 10 a factor of 3880?
True
Does 11 divide 451?
True
Is 1584 a multiple of 11?
True
Is 30 a factor of 9964?
False
Is 513 a multiple of 19?
True
Does 2 divide 1118?
True
Is 17 a factor of 6545?
True
Is 630 a multiple of 10?
True
Is 2 a factor of 194?
True
Is 34 a factor of 267?
False
Is 555 a multiple of 15?
True
Is 10720 a multiple of 8?
True
Does 3 divide 346?
False
Is 31 a factor of 15593?
True
Is 8 a factor of 13456?
True
Is 214 a multiple of 24?
False
Is 36 a factor of 49248?
True
Is 221 a multiple of 15?
False
Is 1836 a multiple of 18?
True
Does 194 divide 37442?
True
Is 20 a factor of 73360?
True
Does 12 divide 156?
True
Is 42 a factor of 882?
True
Does 73 divide 1079?
False
Is 26271 a multiple of 139?
True
Does 105 divide 2625?
True
Is 57 a factor of 2052?
True
Is 1370 a multiple of 20?
False
Does 15 divide 2324?
False
Is 3 a factor of 539?
False
Does 5 divide 5796?
False
Does 23 divide 286?
False
Is 28014 a multiple of 28?
False
Does 185 divide 310?
False
Is 190 a multiple of 19?
True
Does 5 divide 12775?
True
Does 9 divide 5841?
True
Does 7 divide 511?
True
Is 14 a factor of 42?
True
Is 49 a factor of 1421?
True
Is 819 a multiple of 13?
True
Is 7 a factor of 80?
False
Is 60 a multiple of 6?
True
Is 3 a factor of 1045?
False
Is 21 a factor of 189?
True
Does 10 divide 1059?
False
Is 4224 a multiple of 33?
True
Is 2968 a multiple of 28?
True
Does 20 divide 720?
True
Is 9 a factor of 45347?
False
Is 24 a factor of 216?
True
Is 12 a factor of 78?
False
Does 17 divide 9129?
True
Is 1723 a multiple of 12?
False
Is 9122 a multiple of 11?
False
Does 23 divide 2251?
False
Is 110 a factor of 10120?
True
Is 26912 a multiple of 16?
True
Is 475 a multiple of 7?
False
Is 3277 a multiple of 6?
False
Is 29 a factor of 2365?
False
Is 1966 a multiple of 37?
False
Does 203 divide 110229?
True
Is 39 a factor of 5254?
False
Is 60 a multiple of 15?
True
Is 28 a factor of 4222?
False
Is 5 a factor of 445?
True
Does 9 divide 1890?
True
Is 73 a factor of 3358?
True
Is 4382 a multiple of 36?
False
Is 115 a factor of 82562?
False
Is 16175 a multiple of 143?
False
Does 15 divide 6257?
False
Is 1178 a multiple of 19?
True
Is 1447 a multiple of 20?
False
Does 17 divide 7411?
False
Is 44 a factor of 23499?
False
Does 13 divide 312?
True
Does 23 divide 299?
True
Is 2145 a multiple of 33?
True
Does 9 divide 933?
False
Is 226 a factor of 32544?
True
Is 122 a factor of 1056?
False
Is 45694 a multiple of 28?
False
Is 1131 a multiple of 29?
True
Does 16 divide 20768?
True
Does 33 divide 1452?
True
Does 9 divide 8704?
False
Is 37 a factor of 233?
False
Is 186 a factor of 3240?
False
Is 205 a factor of 8815?
True
Is 13 a factor of 2135?
False
Does 23 divide 722?
False
Is 10416 a multiple of 14?
True
Is 61 a factor of 1037?
True
Is 47 a factor of 3149?
True
Is 3083 a multiple of 6?
False
Is 15 a factor of 85?
False
Is 925 a multiple of 5?
True
Is 11 a factor of 24992?
True
Does 151 divide 3926?
True
Is 8538 a multiple of 12?
False
Is 109 a factor of 327?
True
Is 96868 a multiple of 98?
False
Does 4 divide 277?
False
Is 4147 a multiple of 46?
False
Is 240 a multiple of 20?
True
Does 62 divide 1240?
True
Is 33232 a multiple of 62?
True
Is 117 a factor of 15944?
False
Is 4727 a multiple of 163?
True
Is 245 a multiple of 23?
False
Does 163 divide 12378?
False
Does 28 divide 1039?
False
Is 122 a multiple of 61?
True
Is 2 a factor of 69?
False
Is 21900 a multiple of 82?
False
Is 13 a factor of 9392?
False
Does 14 divide 1414?
True
Is 36 a factor of 241?
False
Does 21 divide 168?
True
Is 3452 a multiple of 16?
False
Does 55 divide 2915?
True
Is 150 a factor of 51600?
True
Is 9213 a multiple of 111?
True
Is 9438 a multiple of 6?
True
Does 25 divide 21693?
False
Is 4 a factor of 23?
False
Is 28 a factor of 322?
False
Is 62933 a multiple of 22?
False
Is 1629 a multiple of 9?
True
Is 28359 a multiple of 49?
False
Is 41088 a multiple of 22?
False
Is 131 a factor of 11921?
True
Is 34 a factor of 37873?
False
Does 94 divide 61946?
True
Is 2245 a multiple of 79?
False
Is 533 a multiple of 36?
False
Is 630 a multiple of 6?
True
Is 47 a multiple of 47?
True
Does 285 divide 47863?
False
Is 153 a factor of 2156?
False
Is 7924 a multiple of 28?
True
Does 17 divide 1717?
True
Is 24 a factor of 17328?
True
Is 54 a factor of 39528?
True
Is 53 a factor of 2086?
False
Does 10 divide 14950?
True
Is 2322 a multiple of 18?
True
Is 1480 a multiple of 74?
True
Is 2789 even?
False
Does 15 divide 396?
False
Is 39 a factor of 6786?
True
Does 47 divide 611?
True
Is 4 a factor of 1275?
False
Does 9 divide 5696?
False
Does 42 divide 420?
True
Is 22 a factor of 3410?
True
Is 23 a factor of 4836?
False
Does 119 divide 2261?
True
Is 1190 a multiple of 10?
True
Is 2340 a multiple of 234?
True
Is 26 a factor of 5491?
False
Is 11113 a multiple of 3?
False
Is 704 a multiple of 11?
True
Is 264 a factor of 31152?
True
Is 32 a factor of 15232?
True
Is 5389 a multiple of 12?
False
Is 47 a factor of 36620?
False
Does 6 divide 1522?
False
Is 28 a factor of 2352?
True
Is 30 a factor of 13985?
False
Is 14 a factor of 28?
True
Does 34 divide 782?
True
Is 75 a factor of 1287?
False
Does 18 divide 1116?
True
Does 13 divide 19241?
False
Does 12 divide 59352?
True
Is 20 a factor of 2640?
True
Is 84 a factor of 15960?
True
Does 16 divide 624?
True
Is 48 a factor of 17760?
True
Is 12 a factor of 4536?
True
Does 13 divide 15418?
True
Is 14 a factor of 16044?
True
Does 221 divide 397?
False
Is 5976 a multiple of 27?
False
Does 278 divide 56010?
False
Is 773 a multiple of 2?
False
Does 187 divide 694?
False
Does 71 divide 923?
True
Is 37 a factor of 2103?
False
Is 15665 a multiple of 6?
False
Is 16 a factor of 139?
False
Is 34 a factor of 7772?
False
Does 214 divide 44084?
True
Is 32370 a multiple of 13?
True
Is 7427 a multiple of 8?
False
Does 2 divide 366?
True
Does 23 divide 3473?
True
Is 40 a factor of 2251?
False
Is 24 a factor of 7440?
True
Does 50 divide 10062?
False
Does 42 divide 1176?
True
Is 10 a factor of 315?
False
Does 8 divide 422?
False
Is 25220 a multiple of 97?
True
Is 14 a factor of 1414?
True
Does 2 divide 10750?
True
Is 51 a factor of 5355?
True
Is 1360 a multiple of 17?
True
Is 217 a factor of 10633?
True
Does 4 divide 645?
False
Is 7128 a multiple of 198?
True
Is 90 a factor of 2596?
False
Is 15369 a multiple of 204?
False
Is 56 a multiple of 8?
True
Is 15 a factor of 2761?
False
Is 9 a multiple of 3?
True
Does 28 divide 135?
False
Is 663 a multiple of 39?
True
Does 5 divide 13918?
False
Is 48 a factor of 864?
True
Is 884 a multiple of 11?
False
Is 6 a factor of 636?
True
Is 37 a factor of 72779?
True
Does 123 divide 738?
True
Is 34067 a multiple of 11?
True
Is 19406 a multiple of 39?
False
Is 226 a factor of 9492?
True
Is 2 a factor of 38?
True
Is 41 a factor of 13739?
False
Does 44 divide 9020?
True
Does 50 divide 4500?
True
Does 80 divide 55444?
False
Is 2 a factor of 4579?
False
Is 51 a factor of 3927?
True
Is 78 a factor of 2375?
False
Is 475 a multiple of 5?
True
Is 17 a factor of 2700?
False
Is 31 a factor of 12877?
False
Does 30 divide 510?
True
Is 525 a multiple of 14?
False
Is 873 a multiple of 97?
True
Is 4070 a multiple of 55?
True
Is 9459 a multiple of 18?
False
Does 6 divide 120?
True
Is 1425 a multiple of 15?
True
Does 6 divide 460?
False
Is 4326 a multiple of 83?
False
Is 31 a factor of 19158?
True
Is 11070 a multiple of 41?
True
Is 3 a factor of 289?
False
Is 113 a factor of 44635?
True
Is 62 a factor of 16966?
False
Is 792 a multiple of 18?
True
Does 19 divide 6217?
False
Is 6357 a multiple of 163?
True
Is 53 a factor of 742?
True
Is 20 a factor of 1014?
False
Is 46552 a multiple of 11?
True
Is 293 a multiple of 24?
False
Does 18 divide 1156?
False
Is 5 a factor of 7564?
False
Is 46 a factor of 430?
False
Is 82 a factor of 2050?
True
Is 5725 a multiple of 10?
False
Is 47 a factor of 8629?
False
Is 19 a factor of 2520?
False
Is 150 a factor of 32850?
True
Does 3 divide 59?
False
Is 7 a factor of 518?
True
Does 8 divide 17